g - 521301 = 0, -g - 86894 = -k. List the prime factors of k.
17, 19, 269
What are the prime factors of 7 + ((-42)/15)/((-10)/25825)?
2, 7, 11, 47
Let q(w) = 2*w + 5. Let l be q(0). Suppose -l*o = -181 + 6. Let g = o + -12. What are the prime factors of g?
23
Let c = -207 - -211. Suppose -5*z + 4*h = -331, -3*z - z + 236 = c*h. What are the prime factors of z?
3, 7
Let n(r) = 1832*r - 1082. List the prime factors of n(4).
2, 3, 347
Let j(c) = -11*c**2 - 5*c - 8. Let p be j(9). Let z = p + 1441. Let i = -264 + z. What are the prime factors of i?
233
Suppose -3*x + 3 = -h + 4*h, 2*h + 5*x = 14. Let i be ((-22)/(-10) + h)*5 - 0. Let n(p) = 5*p**2 - 7*p + 9. What are the prime factors of n(i)?
3, 13
Let s(p) be the first derivative of p**3/3 - 7*p**2/2 + 16*p - 37. List the prime factors of s(4).
2
Let x be (-3)/4 + 57*45/108. Suppose v - 265 = -2*q, 308 = v - 2*q + x. What are the prime factors of v?
5, 11
Suppose -q - 12 = -15. Suppose -4*o - r = 2*r + 7, -3*o - 21 = -q*r. What are the prime factors of -1*3*136/o?
2, 3, 17
Let a(d) be the first derivative of -d**4 + 2*d**3/3 + 3*d**2 + 5*d - 43. What are the prime factors of a(-5)?
3, 5, 7
Let i = -25 + 103. Suppose 9*w - 4449 - i = 0. List the prime factors of w.
503
Suppose -33*u + 31*u = 0, -2*u = -y + 7476. What are the prime factors of y?
2, 3, 7, 89
Let c(v) = 43*v**2 - v + 4. Let o be c(-4). Suppose 1571 - 1531 = 20*t. Suppose -347 = -t*i - 3*k, -o = -4*i - 0*k - 4*k. What are the prime factors of i?
5, 7
Let x(q) = -54*q + 5895. What are the prime factors of x(-89)?
3, 29, 41
Let f(r) = 415*r - 38. Let s be f(6). Suppose 8*k = 4*k - 5*x + 2446, -2*x + s = 4*k. What are the prime factors of k?
2, 307
Let q(w) = -7 + 22*w - 19*w - 69*w - 2. List the prime factors of q(-6).
3, 43
Suppose 3*z = -4*q + 19566, 27429 - 7863 = 3*z - 3*q. Suppose -395*w + 401*w - z = 0. What are the prime factors of w?
1087
Let y = 58 + -68. Let u = -5 - y. Suppose u*r + 2*c = 9, -3*r + c + 5 + 7 = 0. What are the prime factors of r?
3
Let x(j) = -714*j - 1184. What are the prime factors of x(-49)?
2, 16901
Suppose -10*f - 2754 = -19*f. Suppose t + 0*c + 4*c = 153, -2*t + 4*c = -f. List the prime factors of t.
3, 17
Let y be (0 + -5)*(-12)/20. Suppose -116 = 35*s - 1306. Suppose v = -y*r + s, -2*r - 91 = -2*v - v. List the prime factors of v.
31
Let v be 8/((-2)/23 + 0). Let o(i) = -55*i + 176. Let t be o(7). Let b = v - t. What are the prime factors of b?
3, 13
Let x = 83 + -90. Let p(h) = -44*h + 2. What are the prime factors of p(x)?
2, 5, 31
List the prime factors of 27291*(2/(-30))/((-4)/40).
2, 11, 827
What are the prime factors of ((1 - (-54)/(-66)) + (-112808)/(-44))*2?
2, 641
Suppose -3*u - 1535 - 1964 = 5*z, 0 = -2*u + 4*z - 2296. Let v = -399 - u. List the prime factors of v.
3, 11, 23
Suppose 3*k - 5*z - 112533 = 0, 0 = 3*k + 5*z - 24878 - 87595. What are the prime factors of k?
37501
Let s(y) = -y**3 - 16*y**2 - 13*y + 28. Let a be s(-15). Let m(l) = -39*l**3 + l**2 + 3*l + 6. List the prime factors of m(a).
2, 79
Let r(t) be the first derivative of 3*t**4/8 - 3*t**3 - 15*t**2/2 - 3. Let f(p) be the second derivative of r(p). List the prime factors of f(6).
2, 3
Suppose -d + 10*z - 55 = 9*z, -4*z = 3*d + 151. Let h = 869 + d. List the prime factors of h.
2, 3, 17
Let q(h) = 5*h**3 - 25*h**2 + 9*h + 386. List the prime factors of q(20).
2, 17, 29, 31
Let t be 2 - ((1 - 0)*-29 + -2). Let v be (3 - t/15)/(2/(-335)). Let k = v + 191. What are the prime factors of k?
3, 19
Let l(h) be the first derivative of -20*h**2 - 5*h - 3. Let z = -521 + 519. List the prime factors of l(z).
3, 5
Let c(p) = -2*p**2 + 20*p. Let n be c(10). Suppose 4*z = 9*z - 4*m - 404, n = 3*z - 3*m - 243. List the prime factors of ((-7)/(-2) + 1)/(6/z).
2, 3, 5
Let s(f) = 15215 - 7605 - 7609 + 17*f. Suppose 5*x - 39 = -14. What are the prime factors of s(x)?
2, 43
Let k(i) = 4*i**2 - 12*i + 7. Let a be k(5). Suppose -2*c = 4*b - 5*c - a, c + 11 = b. Suppose -178 = b*m - 16*m. What are the prime factors of m?
89
List the prime factors of (-126840)/(-15) + (-52)/44 + (-14)/(-77).
5, 19, 89
Let r(h) = -4*h + 148. Let g be r(36). Suppose 5*w + g*f = 6*w - 539, 0 = w - f - 527. What are the prime factors of w?
523
Suppose 3*r - r - q - 45312 = 0, -4*r + 90624 = -4*q. What are the prime factors of r?
2, 3, 59
Let o be 12/(2 - -1) - 4. Suppose 1008 = -5*d - 3*f, -f + 4 + o = 0. Let k = 330 + d. What are the prime factors of k?
2, 3, 7
Let n(o) = o**3 + 10*o**2 - 24*o + 3. Let r be n(-12). Suppose -2*g + 53 = r*x, -2*g - 4*x + 33 + 15 = 0. What are the prime factors of g?
2, 17
Let t(i) = -i**3 + 15*i**2 - 14*i + 2. Let b(y) = 2*y**2 - y + 4. Let k be b(-2). Let z be t(k). What are the prime factors of 2340/54 - z/6?
43
Let m(j) = 2*j**2 - 8*j + 727. Let d = 86 - 86. List the prime factors of m(d).
727
What are the prime factors of (-5 + (-43)/(-3))/((-5)/(-7215))?
2, 7, 13, 37
Suppose 704283 = 16*f + 7*f. List the prime factors of -11 - (-1017)/90 - f/(-30).
1021
Let a(b) = -9*b**3 - 11*b**2 - 39*b + 31. What are the prime factors of a(-8)?
31, 137
Suppose k = -3*r + 4, -4*k = -1 + 9. Suppose 0 = 2*i - 2*g - 260, i - g = -r*g + 120. Let x = i - 67. What are the prime factors of x?
2, 29
Suppose -4*z - 32*z = -167580. What are the prime factors of z?
5, 7, 19
Let h = 8281 - 567. List the prime factors of h.
2, 7, 19, 29
Let f = 1486 + 3026. What are the prime factors of f?
2, 3, 47
Let g(y) = 2*y**2 - 9*y - 243. What are the prime factors of g(62)?
71, 97
Let h(o) = -421*o - 37. What are the prime factors of h(-16)?
3, 7, 11, 29
Let p = -1517 - -17854. List the prime factors of p.
17, 31
Suppose 68115 = 44*p - 7917. Suppose -897 = -3*t + p. List the prime factors of t.
5, 7
Let o = -14947 + 93747. List the prime factors of o.
2, 5, 197
List the prime factors of (-1676)/(((-4)/18)/((-6)/(-9))).
2, 3, 419
Let s = 8484 + -3383. List the prime factors of s.
5101
Let f(w) = 47*w + 16. Let z(s) = -23*s - 8. Let i(t) = -4*f(t) - 9*z(t). Let h be i(-4). Let b = -27 - h. What are the prime factors of b?
41
Let v(h) = -h - 51. Let f(m) = -15*m**3 + m**2 - m. Let r be f(1). Let g be v(r). Let d = g + 68. List the prime factors of d.
2
Suppose -3*h = 4*t - 32209, -16137 = -2*t - 16*h + 21*h. List the prime factors of t.
2, 19, 53
Let c(q) = -2*q + 34. Let a be c(14). List the prime factors of (25 - -5)/(a/312).
2, 3, 5, 13
Let t be 0/(-2) + -2 - -157. Let c be 2/(-4) - -4*(-189)/(-168). Suppose -c*o + 4*u = -416, 5*u + t = -3*o + 491. List the prime factors of o.
107
Suppose w = 3*a - 25110, -86*w = 3*a - 85*w - 25116. List the prime factors of a.
11, 761
Let v = 1685 + 4981. List the prime factors of v.
2, 3, 11, 101
Suppose 4*l = 4*o + 66696, -84*l - 3*o = -85*l + 16684. List the prime factors of l.
79, 211
Let y = 18421 - 8875. List the prime factors of y.
2, 3, 37, 43
Let x be ((-60)/50)/(2/(-5)). Let m(j) = 2*j - 1. Let s be m(3). Suppose t - 2*h = s + 5, 39 = 3*t - x*h. List the prime factors of t.
2
Suppose -112 = -2*s - 102. Let r(g) = 18*g**3 - 10*g**2 - 9*g - 5. What are the prime factors of r(s)?
2, 3, 5, 13
Suppose -30*l = -41*l + 792. Let m = 800 - l. What are the prime factors of m?
2, 7, 13
Let a(l) be the first derivative of -l**4/2 - 15*l**2/2 + 28*l - 172. What are the prime factors of a(-9)?
1621
Suppose 5*b = -2*c - 8, c + 1 = -b - 0*c. Let x be 0 - 15/35 - 6/(-14). What are the prime factors of (163 - x) + 12/3 + b?
3, 5, 11
Suppose 3*o + o + 52 = 0. Let v(w) be the second derivative of -w**4/12 - 4*w**3 + 3*w**2/2 - w + 6445. List the prime factors of v(o).
2, 73
Let z = -4727 + 10711. What are the prime factors of z?
2, 11, 17
Suppose -1604 = -3*i - 2*p, 10*i - 3*p - 2705 = 5*i. Let x = i + -301. Suppose -3*a + x + 273 = 0. List the prime factors of a.
2, 5, 17
Suppose 93*x - 96*x - 5*m = -24392, -4*x - m + 32517 = 0. List the prime factors of x.
11, 739
List the prime factors of (113*4/(-6))/((-358)/82161).
3, 17, 113
Let r(m) = 208*m - 3308. List the prime factors of r(92).
2, 3, 1319
Let n be 18/5 + 120/300. Let a be 4*(-1)/3*-3. Suppose a*w - 479 = g, -2*w + 245 = -n*g - 5. What are the prime factors of w?
7, 17
List the prime factors of (2/(-26))/((-17)/34) + (-35748)/(-13).
2, 5, 11
Suppose 5*k = 6*k - 426. Let g = k - 